. Suppose q*v + 3*n = 11111, n + 2003 + 773 = v. Is v prime?
True
Let i be 2/9 + 291/27. Suppose 6*g + 10 = i*g. Suppose s - 1623 = -g*s. Is s composite?
False
Let k be 1 - -6 - (-1 - 3662). Suppose 35*b - 40*b = -k. Is b a prime number?
False
Let n = -42029 + 77800. Is n composite?
False
Suppose -2*b + 2*a = -141712, 56*b - 51*b + 2*a - 354301 = 0. Is b prime?
False
Let i(n) be the first derivative of 17*n**4/2 - 3*n**2/2 + 2*n - 102. Let z(y) = -y - 4. Let q be z(-5). Is i(q) a composite number?
True
Suppose 4*g = 3*i + 927, -2*i - 148 - 547 = -3*g. Let v = g - 331. Is (20/v)/((-1)/3095) prime?
True
Suppose 2*h - 5*g = 24, -2*h = h + g - 2. Suppose 2*u - 5*u + 11 = z, 3*z - h*u = -11. Let y(f) = -738*f**3 + 2*f**2 - 4*f - 5. Is y(z) a prime number?
True
Is (-4 - -6 - 2)/6 - -514243 prime?
True
Let w(u) = 2052*u**2 + 31*u + 116. Is w(9) prime?
False
Suppose -w + 27*w = 2704. Is ((-3)/(-5) + w/(-65))*-12929 a prime number?
False
Let q = 21082 + -14742. Suppose q = -30*w + 34*w. Is w composite?
True
Let v = 26 + -45. Let g = 17 + v. Is ((-19942)/(-65))/(g/(-5)) prime?
False
Let j = -356 - -380. Suppose -j*v - 16137 + 128577 = 0. Is v composite?
True
Let w = 48332 - 23506. Suppose 3*v - 37253 = -a, 2*v = 5*a - 8*a + w. Is v composite?
True
Let l = 200 - -3746. Is l prime?
False
Let p = 62 - 59. Suppose -2*h = -4*c - 0*h + 6764, -p*c - 3*h + 5091 = 0. Is c prime?
True
Let s = 18193 + -9629. Suppose 3*u = x + s, 0 = 5*x - 25 + 5. Suppose 5*h = 1089 + u. Is h a composite number?
True
Let s = -977 + 1272. Is s a composite number?
True
Let v(d) = -136*d**2 - 3*d + 23. Let u be v(-5). Let h = 699 - u. Is h prime?
False
Let f(z) = 1216*z + 15. Let k(a) = 2432*a + 32. Let n(j) = -5*f(j) + 3*k(j). Is n(2) composite?
True
Let b = -29034 - -42124. Suppose 2149 - b = -3*w. Is w composite?
True
Suppose -p - 3 = -j - 4*p, 1 = -p. Suppose j*t - 15*t = 153. Is (-3 - -1)*(-2 + t) a prime number?
False
Let m(n) = n**2 - 2*n - 3. Let w be m(-1). Suppose w = -a + 7*a + 6. Is (-2 - (2 - -627))*a a prime number?
True
Suppose -4*a - 10952 = x - 39346, -3*x = -6. Suppose 10*u - a - 16232 = 0. Is u prime?
True
Is 13/13*(-4419752)/((-48)/6) composite?
False
Suppose 684027 = 5*u - 2*a, -51*u - a + 684024 = -46*u. Is u a prime number?
False
Suppose 5*h = 2906 + 554. Suppose -3*t + p - 330 = -0*p, -5*p = 15. Let f = t + h. Is f composite?
True
Suppose 0 = 3*b - g - 2085311, -33*b - 5*g - 695085 = -34*b. Is b a composite number?
True
Let y(j) = -343*j + 28. Let a(x) = -86*x + 13. Let l(t) = -86*t + 14. Let f(u) = 7*a(u) - 6*l(u). Let c(p) = -9*f(p) + 2*y(p). Is c(8) prime?
False
Suppose -h = 3, 5*w - 2*h + 0*h = 6006. Let s = w - 5761. Is (-2)/8 + 1 + s/(-4) composite?
True
Suppose 0 = -3*t + 11 + 49. Let d be 10/(-25) + 6568/t. Suppose 0 = -m + 5*m - d. Is m a prime number?
False
Let w(p) = p. Let k(m) = -2927*m**2 - 12*m + 2. Let t(c) = -3*k(c) - 30*w(c). Is t(1) prime?
False
Let y(q) = -q**3 + 5*q**2 - 4*q - 3. Let l be y(3). Suppose -3*m = 4*j - 9*j + 24, 2*m = l*j - 14. Suppose 0 = j*t - 612 - 8178. Is t prime?
False
Let n(v) = 3*v**2 + 2*v - 42. Let w be n(5). Suppose -45*y = -w*y - 62. Is y a composite number?
False
Suppose 2*h - 36483 = -3*g, -4*h + 2*g + 63276 = -9682. Let p = -11471 + h. Is p a prime number?
False
Let k(n) = 8*n**3 - 6*n**2 + 5*n + 12. Suppose 3*a = 4*i - 24 - 14, -3*i + 15 = 0. Let q be k(a). Is 3 - (q - -2) - -4 prime?
False
Let q = 34 - 29. Suppose -17 = -m + q*f, -2*m + 5*f + 5 = -14. Suppose 0 = 4*y + m*v - 222, -y + 3*v - v + 68 = 0. Is y composite?
True
Suppose 528*j = 535*j - 84. Is (-6129)/18*(-88)/j composite?
True
Suppose 5*s - 239357 = 4*k, -4*s + 4*k + 48585 = -142903. Is s a composite number?
False
Let d(t) = 39*t**2 - 16*t - 6. Let b be (-82)/12 + ((-65)/30)/13. Is d(b) prime?
True
Suppose 5*s = 2*r - 275368, 4*s + 520779 - 107706 = 3*r. Is r prime?
True
Let w be (-23812)/24 - (-3)/18. Let f = -131 - w. Let v = f + 94. Is v a composite number?
True
Suppose 140 = 10*t + 50. Let m(c) = 4*c**3 - 11*c**2 - 5*c - 7. Is m(t) a prime number?
True
Let p(h) = 3544*h - 189. Is p(29) prime?
True
Let u = 59962 + -31323. Is u a prime number?
False
Let v(r) = 14*r**2 - 75*r - 889. Is v(-38) a composite number?
True
Let c = -788 + 793. Suppose c*o = 7265 + 50900. Is o a prime number?
True
Let f = -3 - -1. Let v(m) be the first derivative of 92*m**3/3 - m**2/2 - 5*m - 252. Is v(f) a prime number?
False
Let h be (-3)/2*-4*-6. Let d be 1388*(2 - h/(-21))*7. Let m = -1657 + d. Is m a composite number?
True
Is (-1)/(2 + 2) + 18374229/68 a prime number?
True
Let n(u) = 99813*u - 530. Is n(3) prime?
False
Let a(f) = f**2 - f + 1. Let n(m) = 51*m**2 - 2*m + 1. Let w(p) = -a(p) + n(p). Suppose 28*b - 71 = 13. Is w(b) composite?
True
Let y(o) = o. Let m(g) = -138*g - 1. Let z(x) = m(x) + 4*y(x). Is z(-13) composite?
False
Let k be (-2)/5 - (-1)/((-30)/(-72)). Suppose -23 = k*f - 33. Suppose 2*n - 571 = -f*o, 1450 = -0*n + 5*n + 5*o. Is n a composite number?
False
Let t(h) = -4 + 17*h**2 - 11 + 0*h**2 + h**2 - 2 - 12*h. Suppose 0 = -j - 4*j + l - 16, 0 = -3*l - 12. Is t(j) prime?
False
Suppose 0 = -2*y + 2*v + 4, -3*y = y + 2*v - 32. Suppose y*n = 15722 - 2336. Is n prime?
False
Let r(q) = 108*q**2 - 39. Let h be r(11). Suppose -6*u + 5*u - 4*i = -h, -52133 = -4*u + i. Is u prime?
True
Let f = -130 + 17. Let n = f + 97. Is (-3 + (-44)/n)*-34964 prime?
True
Suppose 4*k + 2*c - 528 = 0, -77*k + 79*k - 262 = -2*c. Let h be (0 - -1)/(1/(-316)). Let u = k - h. Is u a composite number?
False
Let a(g) be the second derivative of g**4/12 + 4*g**3/3 - 9*g**2/2 - 32*g. Let m be a(-9). Suppose 5*d - 1035 - 4835 = m. Is d prime?
False
Let n = -13 - -32. Let v be 35/(-7)*(-2 - -1). Let x = n - v. Is x a prime number?
False
Suppose 4 = -4*b, 0*o + 1956 = -2*o + 2*b. Let i be (-9624)/18 + 5/3. Let r = i - o. Is r a prime number?
False
Suppose -6*w + 11 = -13. Suppose -2*m - 10688 = -28506. Suppose 0 = -3*p - w*n + m, -2*n + 12060 + 2765 = 5*p. Is p composite?
False
Suppose 2*l = -3*n + 177, 59 + 24 = l - 4*n. Let c = l - 89. Is (-2 + (-11)/((-44)/(-936)))/c a prime number?
False
Suppose -241*d + 31610071 = -22398270. Is d composite?
False
Let q = -37 + 70. Let o = q - 35. Let h = 49 + o. Is h a prime number?
True
Let v(m) = -m**3 - 4*m**2 + 14*m - 6. Let k be v(-10). Let x = k + -280. Suppose q + 5*c - x - 477 = 0, 5*c = 2*q - 1242. Is q a composite number?
False
Let q(p) be the first derivative of p**4/4 + p**3/2 - 7*p**2/2 - 10*p - 12. Let v(u) be the first derivative of q(u). Is v(5) prime?
True
Let h = 14907 + -8200. Let m = 12276 - h. Is m a composite number?
False
Let u(v) = -v**3 + 8*v**2 + 10*v - 9. Let m be u(9). Let d(y) = 39*y**3 - y + 43*y**3 + 2*y**2 - 158*y**3 + 34*y**3 + 701 + 41*y**3. Is d(m) a composite number?
False
Let s = 202658 - 119220. Is s prime?
False
Is 29752932/84 + (-78)/(-182) prime?
False
Suppose 3*m - 28297 = 4*d - 3059, 5*m - 4*d = 42058. Let v = 13191 - m. Is v a composite number?
True
Suppose -10*z + 13*z = -2*y + 1058785, 4*z = -4*y + 1411716. Is z a composite number?
True
Suppose 5*t - 58007 = -3*b, 7*t + 46413 = 11*t - 5*b. Is t composite?
True
Suppose 20*n - 14952 = 44*n. Let c = -336 - n. Is c prime?
False
Let z = 34412 + -19183. Is z a composite number?
True
Let q = 252 + -248. Suppose -r + 27099 = q*a, 108381 = 2*r + 2*r + a. Is r composite?
True
Suppose -3*g = -4*g + 1851. Suppose 0 = 6*x + 423 + g. Let u = x + 716. Is u a prime number?
True
Suppose 4*s - 10 - 6 = 0, 4*q + 2*s = -368. Let x be (-30 - -29)/((-91)/(-45) - 2). Is 6/x + q/(-30) a composite number?
False
Suppose 0 = -4*a - 0*a + 84. Suppose -3*k + 3 = -2*d - 12, -5*k + 2*d + a = 0. Is 1/((-1)/(-109)) - k a prime number?
False
Let s(n) be the third derivative of 391*n**4/24 + 9*n**3/2 + 3*n**2. Let t be (0 + 3)*(-8)/(-3). Is s(t) a prime number?
False
Let x be ((-119)/(-51))/(2/3216). Suppose -2*k = 6*k - x. Is k composite?
True
Let i be 2/(-2) + 34/17 + 23. Let x(o) = -i - 23 - 357*o + 41 - 11. Is x(-4) composite?
True
Let n = -48398 + 84255. Is n composite?
True
Suppose 28645763 = 388*g - 16878720 + 13805871. Is g a prime number?
True
Let w(t) = -6*t**3 - 4*t**2 + 17*t - 16. Suppose 0 = -20*u - 3*u - 161. Is w(u) prime?
False
Let x = 244249 - 45098. Is x a composit